
-1364653
In base 4, what is 3312302011 - -1113?
3312303130
In base 4, what is -2002322011 + 12?
-2002321333
In base 15, what is -661653 + 12?
-661641
In base 3, what is -100002001 - 2020020?
-102022021
In base 11, what is 651119 - 2a?
65109a
In base 5, what is 344331 + 222141?
1122022
In base 4, what is -23220233003 + -1?
-23220233010
In base 6, what is 311125 + 254342?
1005511
In base 9, what is -6715028 + -570?
-6715608
In base 3, what is 121112102201011 - 2?
121112102201002
In base 7, what is 31405 + 34203?
65611
In base 11, what is -19 + 943829?
943810
In base 12, what is -428 - -4968a?
49262
In base 4, what is -23131212203 - 10?
-23131212213
In base 14, what is -d5 - -292a7?
291b2
In base 16, what is 1 + -9566a?
-95669
In base 10, what is -1 + 79886816?
79886815
In base 11, what is 6a - -82760a?
827679
In base 15, what is eaa478d - 0?
eaa478d
In base 15, what is 155 - 6654?
-64ee
In base 13, what is 712413b - -3?
7124141
In base 16, what is -5 + 2cf15a?
2cf155
In base 16, what is -6336e + 18?
-63356
In base 9, what is 5 + -30158751?
-30158745
In base 16, what is 220a - 5?
2205
In base 3, what is -112100022 - -21200?
-112001122
In base 6, what is 225123515 + 4?
225123523
In base 14, what is 0 + 7a8dbcd?
7a8dbcd
In base 4, what is 122 - -323323132?
323323320
In base 5, what is 122142 - -1443433?
2121130
In base 16, what is -21583e2 - -1?
-21583e1
In base 10, what is 8 - 55636145?
-55636137
In base 3, what is -2202120211121 + 0?
-2202120211121
In base 2, what is 111011110 - 110001100100101111000?
-110001100011110011010
In base 5, what is -344 + -1401204?
-1402103
In base 9, what is 44544 + -633?
43811
In base 12, what is 36a179969 + 3?
36a179970
In base 14, what is -25c - 1d42?
-21a0
In base 11, what is 92 + -32582a?
-325748
In base 16, what is -1a54e32 + -6?
-1a54e38
In base 14, what is -14 - -158076c?
1580758
In base 6, what is 1 + -35320123234?
-35320123233
In base 15, what is 4eee58 + 1?
4eee59
In base 4, what is -11033001230 + -1201?
-11033003031
In base 3, what is 101 + 2122111220011?
2122111220112
In base 2, what is 111111001111100100101011 + 101?
111111001111100100110000
In base 5, what is -114113222 + 24240?
-114033432
In base 3, what is -10210111021 + -102222?
-10210221020
In base 10, what is 565 + -267041?
-266476
In base 4, what is -1111220 + -1103?
-1112323
In base 7, what is 23 - 3330351?
-3330325
In base 14, what is 1d - -27935?
27954
In base 9, what is 2337 + -256233?
-253785
In base 7, what is -656035 - -13502?
-642233
In base 16, what is 3f3c + d9a?
4cd6
In base 2, what is 10110101 + 101001100010101?
101001111001010
In base 15, what is 20c06a0e - 1?
20c06a0d
In base 4, what is 21131022 + -331111?
20133311
In base 12, what is 1a0 + -4a490?
-4a2b0
In base 6, what is 1341 - 54434?
-53053
In base 15, what is -16d000c2 - 4?
-16d000c6
In base 10, what is 166492 - 543?
165949
In base 5, what is 4341030344 - -11?
4341030410
In base 15, what is -9 - 1c9439?
-1c9443
In base 3, what is 2002011221001210 - 10?
2002011221001200
In base 2, what is 10101101101101100101110110 - 10?
10101101101101100101110100
In base 3, what is 120211221000 - -202?
120211221202
In base 9, what is 5 + 4300218?
4300224
In base 2, what is -1001001011001101 + -101001001100?
-1001110100011001
In base 13, what is -6bc63 - 85?
-6c018
In base 2, what is 100001110000001000011011001001 - -10?
100001110000001000011011001011
In base 10, what is -51898991 + -3?
-51898994
In base 14, what is -1 + 4544884?
4544883
In base 7, what is 21 + 1153114?
1153135
In base 5, what is 1222012 - 424?
1221033
In base 11, what is -724 - 2143?
-2867
In base 15, what is 95a - 1885?
-e2a
In base 4, what is -1201130002 + 12?
-1201123330
In base 8, what is 2677 + 42613?
45512
In base 6, what is 120523 + -22515?
54004
In base 9, what is 2 + -1136526?
-1136524
In base 13, what is 12a - -1646164?
1646291
In base 10, what is 2 + 6353198?
6353200
In base 9, what is -80785054 + 1?
-80785053
In base 15, what is -94d9d - 537?
-953d5
In base 13, what is 15730 + 1540?
16c70
In base 12, what is 32ba - -1242?
4540
In base 3, what is 10 + 1010111112121?
1010111112201
In base 7, what is -4564 + 154130?
146233
In base 13, what is 98 - 1078804?
-1078739
In base 5, what is -300010241031 + 4?
-300010241022
In base 3, what is 10022101010202020 + -2?
10022101010202011
In base 16, what is -5 - -4611a6?
4611a1
In base 11, what is -9886966 - -1?
-9886965
In base 6, what is -21503120541 - 3?
-21503120544
In base 4, what is 1220003202 - 3221?
1213333321
In base 14, what is -5 - -2dda9a5?
2dda9a0
In base 3, what is 0 + 12022102012002102?
12022102012002102
In base 11, what is -15214 - 689?
-158a2
In base 14, what is -1 - -165316ab?
165316aa
In base 5, what is 31 + -31431102403?
-31431102322
In base 12, what is 1796805 + 20?
1796825
In base 6, what is -3003301 + -33?
-3003334
In base 8, what is -1 + -34423374?
-34423375
In base 13, what is -17c + -18c2b2?
-18c461
In base 14, what is 34432b - 39?
3442d2
In base 4, what is -2131100233 + 12202?
-2131022031
In base 13, what is -176120 + -1?
-176121
In base 3, what is 101 - 21211010200211020?
-21211010200210212
In base 14, what is -59b197 + 0?
-59b197
In base 11, what is -5a124a9 + -8?
-5a12506
In base 11, what is 10 + 24a5508?
24a5518
In base 15, what is 6 + -69635b?
-696355
In base 15, what is 44 + 2cd70?
2cdb4
In base 6, what is -3253341 - -243?
-3253054
In base 9, what is 270 + 180512?
180782
In base 13, what is -1003 - 13230?
-14233
In base 16, what is 56 - 4af73?
-4af1d
In base 7, what is -1 - 123421022?
-123421023
In base 5, what is 2 + 231130422?
231130424
In base 3, what is 120 - 20122120220221?
-20122120220101
In base 9, what is 1 + 20424653?
20424654
In base 7, what is -220206 + 3623?
-213253
In base 11, what is -49a8371a - 0?
-49a8371a
In base 5, what is -2003231 + -1002?
-2004233
In base 3, what is -1101 - 1002101221?
-1002110022
In base 6, what is -142102 + -52105?
-234211
In base 7, what is 11541234 + 21?
11541255
In base 14, what is -53d + 14a7?
d68
In base 15, what is 3c1a261 + 5?
3c1a266
In base 5, what is -11021 + -230011?
-241032
In base 5, what is -20413023142 + 1?
-20413023141
In base 15, what is -328 - -124?
-204
In base 5, what is -3 - -402233230213?
402233230210
In base 11, what is -553a2 + -947?
-56239
In base 10, what is -3141721 + -5?
-3141726
In base 15, what is 258306 - 2?
258304
In base 4, what is -123 - -31333200022?
31333133233
In base 7, what is 2452053 - -1460?
2453543
In base 13, what is 5137 - 5c84?
-b4a
In base 11, what is 1 - -9676361?
9676362
In base 3, what is 10200022011 + 10011?
10200102022
In base 9, what is 135355816 + -7?
135355808
In base 9, what is -66 - 382748?
-382825
In base 12, what is -6 + -39738911?
-39738917
In base 3, what is -10122102000011121 - 1?
-10122102000011122
In base 15, what is 5 - 137061b?
-1370616
In base 9, what is -6 + -884753?
-884760
In base 4, what is -302 + 121110231031?
121110230123
In base 14, what is 157d08 - 3?
157d05
In base 11, what is 7 - -4104586?
4104592
In base 12, what is -41a645 + -3?
-41a648
In base 15, what is -3 - -169695a1?
1696959d
In base 14, what is -1a222 + -230?
-1a452
In base 9, what is 1425 + 72?
1507
In base 2, what is -101100010000011 - -1010111100?
-101010111000111
In base 3, what is -1022200212 + -121222020?
-1221200002
In base 4, what is -123011 - -1112000?
322323
In base 12, what is 69596 + -81?
69515
In base 13, what is -146 + -119958?
-119aa1
In base 7, what is -32543 + 345?
-32165
In base 16, what is -acf184 - 1?
-acf185
In base 13, what is 14c04 - 2454?
12780
In base 13, what is -acb1 - 60?
-b041
In base 3, what is -10002210200020102 - -22?
-10002210200020010
In base 2, what is -10 + 1110100001000100110111?
1110100001000100110101
In base 10, what is 56066370 - 6?
56066364
In base 10, what is -1333 + 894?
-439
In base 3, what is -1122011222022 + -1210?
-1122012001002
In base 9, what is -8274 - -108153?
88768
In base 13, what is 1283 + -3156?
-1ba3
In base 12, what is 616 + -9b2aa?
-9a894
In base 2, what is -1001 + -10001101111011000110101?
-10001101111011000111110
In base 2, what is 0 + -101110011110111011111101?
-101110011110111011111101
In base 7, what is 456534 + -13162?
443342
In base 11, what is 1a26240 - -2?
1a26242
In base 2, what is -111100111011101 - 11011